2, 142616191
List the prime factors of 70192250.
2, 5, 280769
What are the prime factors of 118797033?
3, 157, 252223
What are the prime factors of 1046878822?
2, 11, 433, 109897
What are the prime factors of 223372370?
2, 5, 13, 132173
What are the prime factors of 240563589?
3, 7, 97, 16871
What are the prime factors of 3967558389?
3, 146946607
List the prime factors of 46795100.
2, 5, 11, 19, 2239
List the prime factors of 2166599122.
2, 2083, 520067
What are the prime factors of 2284784?
2, 142799
What are the prime factors of 308972665?
5, 107, 751, 769
List the prime factors of 2376081539.
13, 23, 2819
What are the prime factors of 16766007?
3, 41, 136309
What are the prime factors of 3279585068?
2, 419, 1956793
What are the prime factors of 35802434?
2, 4219, 4243
What are the prime factors of 5015147706?
2, 3, 43, 449, 14431
What are the prime factors of 1123511345?
5, 11, 181, 112859
What are the prime factors of 92209024?
2, 23, 31321
What are the prime factors of 655325407?
11, 23, 229, 11311
What are the prime factors of 81282560?
2, 5, 31751
What are the prime factors of 329690657?
9833, 33529
List the prime factors of 93833238.
2, 3, 23, 679951
What are the prime factors of 55451470?
2, 5, 83, 66809
What are the prime factors of 5459705?
5, 89, 12269
List the prime factors of 110653041.
3, 97, 380251
What are the prime factors of 13255888?
2, 331, 2503
What are the prime factors of 318524090?
2, 5, 1567, 20327
List the prime factors of 2638942417.
47, 523, 107357
List the prime factors of 54493976.
2, 17, 19, 21089
List the prime factors of 90131376.
2, 3, 53, 71, 499
List the prime factors of 1242054831.
3, 8923, 46399
List the prime factors of 1071100364.
2, 1129, 237179
List the prime factors of 70464270.
2, 3, 5, 2348809
List the prime factors of 17126677.
337, 50821
List the prime factors of 535002665.
5, 17, 19, 337, 983
List the prime factors of 31425795.
3, 5, 317, 2203
What are the prime factors of 1509719877?
3, 6212839
What are the prime factors of 622167835?
5, 124433567
List the prime factors of 2776566148.
2, 694141537
List the prime factors of 1177105029.
3, 1283, 305821
List the prime factors of 803983943.
7, 43, 2671043
What are the prime factors of 534074153?
4639, 115127
What are the prime factors of 1081431254?
2, 2659, 203353
List the prime factors of 979618042.
2, 13, 31, 1215407
List the prime factors of 61995640.
2, 5, 7, 221413
List the prime factors of 45885901.
5099, 8999
What are the prime factors of 3707047367?
3707047367
What are the prime factors of 1737251482?
2, 277, 3135833
What are the prime factors of 282899261?
17, 16641133
List the prime factors of 2404960961.
13, 184996997
What are the prime factors of 2546521042?
2, 13, 97943117
What are the prime factors of 971077452?
2, 3, 823, 98327
What are the prime factors of 700574793?
3, 223, 1047197
What are the prime factors of 3017378084?
2, 7, 139, 389, 1993
List the prime factors of 67758667.
23, 2946029
What are the prime factors of 712606789?
712606789
What are the prime factors of 2868905305?
5, 7, 81968723
List the prime factors of 236974711.
41, 83, 839
List the prime factors of 244017818.
2, 11, 101, 109819
List the prime factors of 380936434.
2, 19, 10024643
List the prime factors of 2941692073.
2941692073
What are the prime factors of 416459150?
2, 5, 857, 9719
What are the prime factors of 5433652334?
2, 11, 246984197
List the prime factors of 644098449.
3, 103, 1151, 1811
What are the prime factors of 6705750531?
3, 41, 241, 226217
List the prime factors of 103229480.
2, 5, 2580737
What are the prime factors of 2386567204?
2, 7, 85234543
What are the prime factors of 178761832?
2, 79, 282851
What are the prime factors of 1600455805?
5, 13, 23, 367, 2917
List the prime factors of 87599064.
2, 3, 7, 74489
What are the prime factors of 8042663228?
2, 443, 4538749
What are the prime factors of 142480790?
2, 5, 14248079
List the prime factors of 590543683.
11813, 49991
List the prime factors of 382560874.
2, 9041, 21157
What are the prime factors of 2984600663?
11, 97, 28837
What are the prime factors of 22133792?
2, 691681
What are the prime factors of 738358615?
5, 147671723
What are the prime factors of 66364559?
83, 799573
List the prime factors of 6151782.
2, 3, 7, 13, 19, 593
List the prime factors of 1902886627.
1902886627
List the prime factors of 2396290139.
2396290139
List the prime factors of 461886923.
17, 27169819
What are the prime factors of 2686591898?
2, 397, 3383617
List the prime factors of 258982926.
2, 3, 1019, 42359
What are the prime factors of 6955633009?
13, 535048693
List the prime factors of 33658597.
7, 311, 15461
List the prime factors of 32121554.
2, 16060777
What are the prime factors of 134458099?
134458099
What are the prime factors of 70848677?
2239, 31643
What are the prime factors of 2760067850?
2, 5, 23, 157, 15287
List the prime factors of 144209252.
2, 11, 297953
What are the prime factors of 87556391?
13, 6735107
What are the prime factors of 328000911?
3, 7, 15619091
What are the prime factors of 4778673956?
2, 7, 17, 590543
List the prime factors of 168252288.
2, 3, 83, 5279
List the prime factors of 44302579.
37, 1197367
List the prime factors of 64660250.
2, 5, 47, 5503
List the prime factors of 284539453.
11, 25867223
What are the prime factors of 4729891072?
2, 18476137
List the prime factors of 592198474.
2, 7, 42299891
List the prime factors of 1477206568.
2, 17, 409, 26557
List the prime factors of 1451033766.
2, 3, 7, 13, 126551
List the prime factors of 12909853.
11, 106693
List the prime factors of 49892701.
59, 347, 2437
List the prime factors of 1588824507.
3, 529608169
List the prime factors of 141404453.
17, 8317909
List the prime factors of 144655644.
2, 3, 7, 37, 61, 109
What are the prime factors of 8511246928?
2, 17, 1549, 20201
List the prime factors of 7141410777.
3, 5197, 458047
What are the prime factors of 1874408172?
2, 3, 7, 13, 379, 647
List the prime factors of 1051141141.
1051141141
List the prime factors of 297591564.
2, 3, 24799297
List the prime factors of 36179510.
2, 5, 3617951
List the prime factors of 754137086.
2, 377068543
List the prime factors of 2023580499.
3, 17, 39678049
List the prime factors of 36572377.
619, 59083
List the prime factors of 832726190.
2, 5, 239, 348421
What are the prime factors of 961549420?
2, 5, 13, 547, 6761
What are the prime factors of 2160205129?
149, 211, 68711
What are the prime factors of 2614904899?
2614904899
List the prime factors of 31394697.
3, 2251, 4649
What are the prime factors of 4385933174?
2, 7, 3919, 79939
What are the prime factors of 137450048?
2, 2147657
List the prime factors of 189608613.
3, 53, 101, 11807
List the prime factors of 59333921.
59333921
What are the prime factors of 6202344110?
2, 5, 620234411
What are the prime factors of 28326795?
3, 5, 7, 269779
What are the prime factors of 698138959?
7, 99734137
What are the prime factors of 3272002138?
2, 17, 96235357
What are the prime factors of 75237081?
3, 25079027
What are the prime factors of 24040883?
41, 586363
What are the prime factors of 35116615?
5, 7023323
List the prime factors of 31592340.
2, 3, 5, 13, 23, 587
List the prime factors of 2656205139.
3, 7, 126485959
List the prime factors of 20346288.
2, 3, 83, 5107
What are the prime factors of 6720508272?
2, 3, 17, 2789, 2953
List the prime factors of 26457524.
2, 523, 12647
What are the prime factors of 270272519?
11, 131, 187559
What are the prime factors of 1558849806?
2, 3, 193, 373, 401
List the prime factors of 170008051.
181, 317, 2963
What are the prime factors of 32975389?
101, 163, 2003
List the prime factors of 43570264.
2, 5446283
What are the prime factors of 33177176?
2, 4147147
What are the prime factors of 351560?
2, 5, 11, 17, 47
What are the prime factors of 1296721624?
2, 11, 14735473
What are the prime factors of 67500126?
2, 3, 71, 52817
What are the prime factors of 64135166?
2, 47, 682289
List the prime factors of 67974439.
13, 37, 141319
List the prime factors of 22586325.
3, 5, 401, 751
What are the prime factors of 256059743?
256059743
List the prime factors of 21631089.
3, 17, 424139
What are the prime factors of 69724450?
2, 5, 1394489
What are the prime factors